the remainder when 87 is divided by 45.
42
What is the remainder when 53 is divided by 28?
25
Calculate the remainder when 623 is divided by 95.
53
What is the remainder when 95 is divided by 50?
45
Calculate the remainder when 2068 is divided by 672.
52
What is the remainder when 584 is divided by 136?
40
What is the remainder when 790 is divided by 13?
10
What is the remainder when 398 is divided by 7?
6
Calculate the remainder when 336 is divided by 19.
13
What is the remainder when 22865 is divided by 231?
227
What is the remainder when 196 is divided by 103?
93
Calculate the remainder when 453 is divided by 12.
9
Calculate the remainder when 62 is divided by 50.
12
What is the remainder when 61 is divided by 22?
17
What is the remainder when 419 is divided by 68?
11
What is the remainder when 57 is divided by 19?
0
Calculate the remainder when 5827 is divided by 62.
61
Calculate the remainder when 362 is divided by 92.
86
What is the remainder when 60 is divided by 26?
8
What is the remainder when 62 is divided by 13?
10
Calculate the remainder when 14243 is divided by 55.
53
What is the remainder when 362 is divided by 61?
57
Calculate the remainder when 446 is divided by 86.
16
Calculate the remainder when 1749 is divided by 546.
111
Calculate the remainder when 123 is divided by 7.
4
Calculate the remainder when 674 is divided by 334.
6
Calculate the remainder when 5145 is divided by 39.
36
What is the remainder when 187 is divided by 32?
27
What is the remainder when 435 is divided by 4?
3
What is the remainder when 686 is divided by 138?
134
What is the remainder when 1796 is divided by 100?
96
What is the remainder when 40 is divided by 24?
16
Calculate the remainder when 171 is divided by 6.
3
Calculate the remainder when 20191 is divided by 153.
148
What is the remainder when 53 is divided by 18?
17
What is the remainder when 177 is divided by 36?
33
What is the remainder when 760 is divided by 64?
56
What is the remainder when 187 is divided by 88?
11
Calculate the remainder when 27 is divided by 5.
2
Calculate the remainder when 965 is divided by 46.
45
What is the remainder when 1127 is divided by 372?
11
What is the remainder when 1205 is divided by 31?
27
What is the remainder when 210 is divided by 20?
10
What is the remainder when 64 is divided by 5?
4
Calculate the remainder when 83 is divided by 32.
19
Calculate the remainder when 14194 is divided by 182.
180
Calculate the remainder when 3 is divided by 1.
0
What is the remainder when 332 is divided by 84?
80
What is the remainder when 3737 is divided by 42?
41
Calculate the remainder when 283 is divided by 39.
10
What is the remainder when 1055 is divided by 59?
52
Calculate the remainder when 94 is divided by 29.
7
Calculate the remainder when 492 is divided by 8.
4
Calculate the remainder when 1005 is divided by 14.
11
What is the remainder when 743 is divided by 78?
41
Calculate the remainder when 92 is divided by 25.
17
What is the remainder when 54 is divided by 4?
2
Calculate the remainder when 3139 is divided by 17.
11
Calculate the remainder when 83 is divided by 40.
3
What is the remainder when 257 is divided by 65?
62
Calculate the remainder when 945 is divided by 12.
9
What is the remainder when 241 is divided by 82?
77
What is the remainder when 150 is divided by 61?
28
Calculate the remainder when 125 is divided by 40.
5
What is the remainder when 307 is divided by 42?
13
Calculate the remainder when 66 is divided by 34.
32
Calculate the remainder when 359 is divided by 11.
7
Calculate the remainder when 901 is divided by 136.
85
What is the remainder when 1465 is divided by 10?
5
What is the remainder when 5329 is divided by 232?
225
Calculate the remainder when 2190 is divided by 34.
14
Calculate the remainder when 145 is divided by 49.
47
Calculate the remainder when 611 is divided by 15.
11
Calculate the remainder when 145 is divided by 137.
8
Calculate the remainder when 76 is divided by 10.
6
What is the remainder when 455 is divided by 17?
13
What is the remainder when 5246 is divided by 202?
196
Calculate the remainder when 158 is divided by 22.
4
Calculate the remainder when 266 is divided by 15.
11
Calculate the remainder when 223 is divided by 23.
16
Calculate the remainder when 3143 is divided by 37.
35
What is the remainder when 26 is divided by 12?
2
Calculate the remainder when 272 is divided by 25.
22
Calculate the remainder when 41 is divided by 24.
17
Calculate the remainder when 327 is divided by 24.
15
What is the remainder when 109 is divided by 49?
11
Calculate the remainder when 279 is divided by 9.
0
What is the remainder when 24 is divided by 12?
0
What is the remainder when 1121 is divided by 17?
16
What is the remainder when 966 is divided by 17?
14
What is the remainder when 102 is divided by 18?
12
Calculate the remainder when 289 is divided by 116.
57
What is the remainder when 3862 is divided by 28?
26
What is the remainder when 248 is divided by 175?
73
What is the remainder when 149 is divided by 36?
5
What is the remainder when 360 is divided by 122?
116
Calculate the remainder when 153 is divided by 40.
33
What is the remainder when 863 is divided by 24?
23
Calculate the remainder when 98 is divided by 14.
0
Calculate the remainder when 55 is divided by 23.
9
What is the remainder when 111 is divided by 25?
11
What is the remainder when 1352 is divided by 17?
9
What is the remainder when 146 is divided by 71?
4
Calculate the remainder when 49 is divided by 31.
18
What is the remainder when 1226 is divided by 19?
10
What is the remainder when 79 is divided by 11?
2
What is the remainder when 2955 is divided by 87?
84
Calculate the remainder when 4078 is divided by 35.
18
What is the remainder when 356 is divided by 15?
11
Calculate the remainder when 1167 is divided by 195.
192
Calculate the remainder when 3975 is divided by 142.
141
Calculate the remainder when 540 is divided by 72.
36
What is the remainder when 46 is divided by 23?
0
Calculate the remainder when 48 is divided by 25.
23
Calculate the remainder when 347 is divided by 254.
93
What is the remainder when 50 is divided by 23?
4
What is the remainder when 7078 is divided by 2357?
7
Calculate the remainder when 1292 is divided by 1267.
25
What is the remainder when 135 is divided by 104?
31
Calculate the remainder when 25 is divided by 15.
10
Calculate the remainder when 420 is divided by 129.
33
What is the remainder when 414 is divided by 203?
8
Calculate the remainder when 950 is divided by 137.
128
What is the remainder when 264 is divided by 224?
40
Calculate the remainder when 67 is divided by 22.
1
Calculate the remainder when 979 is divided by 249.
232
Calculate the remainder when 3407 is divided by 21.
5
What is the remainder when 150 is divided by 14?
10
Calculate the remainder when 69 is divided by 18.
15
What is the remainder when 280 is divided by 56?
0
Calculate the remainder when 1331 is divided by 231.
176
What is the remainder when 1368 is divided by 250?
118
Calculate the remainder when 170 is divided by 44.
38
Calculate the remainder when 396 is divided by 5.
1
Calculate the remainder when 1317 is divided by 218.
9
What is the remainder when 661 is divided by 8?
5
What is the remainder when 69 is divided by 24?
21
What is the remainder when 44 is divided by 16?
12
Calculate the remainder when 371 is divided by 357.
14
What is the remainder when 1125 is divided by 349?
78
What is the remainder when 64 is divided by 17?
13
What is the remainder when 2077 is divided by 518?
5
Calculate the remainder when 633 is divided by 205.
18
Calculate the remainder when 1565 is divided by 295.
90
Calculate the remainder when 932 is divided by 322.
288
What is the remainder when 1109 is divided by 21?
17
Calculate the remainder when 8906 is divided by 1780.
6
Calculate the remainder when 94 is divided by 2.
0
Calculate the remainder when 479 is divided by 61.
52
What is the remainder when 39 is divided by 21?
18
Calculate the remainder when 117 is divided by 116.
1
Calculate the remainder when 91 is divided by 19.
15
What is the remainder when 1598 is divided by 100?
98
What is the remainder when 657 is divided by 122?
47
Calculate the remainder when 92 is